1/(-1))*-1. Is k/(-27)*(-1623)/2 composite?
False
Is 14/(9 - (-34135)/(-3793)) a prime number?
False
Let v = 80 - 56. Is (-16)/v + (-557)/(-3) a prime number?
False
Let g = 49305 - -2360. Is g a composite number?
True
Let f(d) = 24 + 9 + 500*d - 14. Is f(6) prime?
True
Suppose -24 = -5*k + 2*b, 38 - 12 = 4*k - 5*b. Let f(d) = -2*d - 1. Let z be f(-2). Suppose k*y - 294 = -2*r, r + 432 = 4*r + z*y. Is r prime?
False
Let p = -1387 - -6122. Is p a prime number?
False
Let v = -60 - -80. Is (2 + v/(-6))*1059/(-2) prime?
False
Suppose 11571 = 3*p - 24903. Is p a composite number?
True
Let g(u) be the third derivative of u**6/60 - u**5/30 - 5*u**4/24 + u**3 + 14*u**2. Let n be g(4). Let c = n - 11. Is c a prime number?
True
Let z(i) be the second derivative of i**6/60 + i**5/10 - i**4/12 - i**3/6 - 7*i**2/2 - 5*i. Let f(p) be the first derivative of z(p). Is f(4) prime?
False
Suppose 5*y - 19 - 2 = 2*r, 0 = 4*y - 3*r - 14. Is (5/y)/((-1)/(-557)) a prime number?
True
Let a(n) = -68 + 15*n**2 + 7*n + 30 + 32. Is a(7) prime?
False
Suppose 5*w = -5*g + 2056 + 10164, -2*w = 4*g - 4888. Suppose 862 - w = -2*m. Is m a prime number?
False
Let x(v) be the third derivative of v**5/20 - v**4/24 - v**3/6 + 8*v**2. Let p be x(-1). Suppose p*k + 5*g = 779, -2*k = 2*g + 2*g - 522. Is k prime?
False
Let v = 225 - 386. Let i = 996 + v. Is i a prime number?
False
Let f = -35 + 954. Is f composite?
False
Let j(a) = -a**2 - a + 1. Let m(g) = -g**3 - g. Let k(b) = 2*j(b) - m(b). Let n be k(2). Suppose -4*z + n*z - 2290 = -2*d, d = -3*z + 1135. Is d prime?
False
Suppose 0 = v - 4*l + l + 2237, -3*l = -5*v - 11233. Let o = -1020 - v. Is o a prime number?
True
Suppose 11*b = 9*b + 4570. Suppose -2*a = -3*f - 1522, a - b = -2*a + 4*f. Is a composite?
True
Suppose -3*b + 24 = -2*m, 4 = 5*b - 2*m - 40. Suppose -5 = 3*l + b, -2*s + 3*l - 759 = 0. Let r = s - -688. Is r a prime number?
False
Suppose -1258 + 3298 = -4*z. Let k = -217 - z. Is k a composite number?
False
Let x = 1520 + 891. Is x composite?
False
Suppose -4*z + 84 = -144. Suppose r + 3*u = 50 + 3, 2*r - 98 = -4*u. Suppose 2*j = -3*v + z, 2*v - 5*j - r = -3. Is v a prime number?
True
Let l(n) = -1311*n + 257. Is l(-10) prime?
True
Suppose 8*n - 6*n = 0. Let p(o) = o**3 + o + 293. Is p(n) composite?
False
Let g(p) = -p**3 + p**2 - p + 667. Suppose 10*j = 12*j. Is g(j) a prime number?
False
Suppose 3*x = 4*g + 34307, -8 = 5*g - 13. Is x a composite number?
False
Suppose -2 = 3*z - 4*z. Suppose -z*s + s + 1793 = -4*f, 5*s - 5*f = 8965. Is s a composite number?
True
Suppose 4*c + 11013 = 3*l, -14684 = 7*l - 11*l - c. Is l composite?
False
Let s(t) = 2*t**2 + 8*t + 15. Let j be s(11). Suppose 0*h + 3*h = -j. Let p = h - -300. Is p prime?
False
Let w(b) = 274*b - 189. Is w(14) a composite number?
True
Suppose -2*s + 234 = -4*y, 0 = 2*y - 0*y + 4*s + 132. Is 5218/5 + y/100 a composite number?
True
Let i be (-538)/((-6)/9 + 0). Suppose 2*q + 5*s = i, -5*s - 2035 = -6*q + q. Let z = q + -251. Is z a composite number?
True
Is (14/28)/(2/(236567 - 3)) a composite number?
False
Let k be 2 - ((-30)/(-35))/((-2)/(-14)). Is 3 - -8*(-878)/k a composite number?
False
Is (1 + 3696/70)/((-2)/(-710)) a composite number?
True
Let l be 84406/18 + 14/(-63). Let j = -3208 + l. Is j a prime number?
True
Suppose -q - 2*p = -6 - 25, -4*p - 102 = -2*q. Suppose 42*w - 217 = q*w. Is w a composite number?
True
Suppose -5*j = 3*i - 22, 5*i + 2*j - 19 = 5. Suppose i*x - 20 = 0, 8*x - 8 = -3*b + 4*x. Is (-30 - 4)*58/b a composite number?
True
Let o(u) = 2*u**2 + 3*u + 1. Let t be o(-2). Is (6/t - -711)/1 composite?
True
Is (55294/5 - 2) + (-38)/(-190) a composite number?
False
Is -4 + 0/(-10) - -8931 a prime number?
False
Is (3 + -10)/7 + 24594 a composite number?
False
Let v be (3 - 9) + 20/5. Let q(c) = -2*c**3 - 2*c**2 + 3*c + 3. Let s be q(v). Suppose -s*i = -2*h + 170, 0 = 3*h + 2*i + 51 - 344. Is h a prime number?
False
Let y(b) = 21*b**2 + 4*b - 9. Suppose -5 = -d - 3. Suppose -22 - d = 4*r. Is y(r) composite?
True
Let h(j) be the second derivative of 0 + 1/2*j**3 + 3*j**2 - 5*j + 1/3*j**4. Is h(-4) a prime number?
False
Suppose 0 = -7*d - 42*d + 66689. Is d prime?
True
Suppose -3*b + 14 = 4*b. Suppose -36 = b*g - 502. Is g prime?
True
Suppose 0 = -54*x - 286967 + 917525. Is x composite?
False
Suppose -m + 2*f = -3169, 4*m - 6177 = -4*f + 6463. Is m a prime number?
True
Let g be (15/10)/(2/4). Suppose -1164 = -g*c + 483. Suppose 3*z + c = 6*b - 3*b, -2*b = -4*z - 358. Is b a prime number?
False
Is 1/(3*7/29589) a composite number?
False
Let i(q) = 2*q - 6 + 2*q - 5*q. Let z be i(-8). Suppose 0 = 6*n - z*n - 220. Is n prime?
False
Let r be (6/(-4))/(21/(-28)). Suppose r*s = 4*s - 70. Is 3/15 - (-7588)/s composite?
True
Suppose g - 1632 = 5*b - 10953, 0 = -2*b + 5*g + 3733. Suppose -o - 932 = -3*o - 4*p, 0 = -4*o + 5*p + b. Is o a composite number?
True
Let v(c) = c. Let i = 1 + -6. Let w be v(i). Is w/(15/(-624)) + 3 a prime number?
True
Let i(r) = -8191*r + 22. Is i(-1) composite?
True
Suppose -4900 = -5*g + 2745. Is g a composite number?
True
Let c be 4/((-4361)/872 - -5). Let r = -2287 - c. Is r a composite number?
False
Let q = 21 - 22. Let b be 11240/48 - q/(-6). Suppose 75 = 2*z - 5*l - 116, -3*l + b = 3*z. Is z prime?
True
Let o(w) be the second derivative of 103*w**3/2 - 4*w**2 - w + 7. Is o(3) a prime number?
True
Let b be 10/35 - (-502)/7. Suppose -b*c + 67*c = -17725. Is c prime?
False
Suppose 0 = -5*m + 3*j + 38207, 3*m - 27929 = 3*j - 5000. Is m a prime number?
True
Let w = 1064 - -61. Suppose -6*v + 2685 + w = 0. Is v a prime number?
False
Let a be (-1 + 3 + -3)*5. Is 1*(a - 17)*(-13)/2 prime?
False
Suppose 4*r - 4*p - 9120 = 0, -4*r + r + 6834 = -5*p. Is r a composite number?
True
Let a(o) be the first derivative of -4*o - 2 - 13/2*o**2. Is a(-3) a composite number?
True
Suppose 0 = -4*m - 3*q + 6, -2*q = -q + 2. Let k(g) = g**3 - 2*g + 2. Let w be k(-2). Is 263 - ((m - 1) + w) prime?
True
Let s = -54 - -63. Is 3453/s*(4 - 1) composite?
False
Is (-74 + 73)/((-2)/50514) a composite number?
True
Suppose -32592 = 2*b + 12*b. Let u = -97 - b. Is u a prime number?
False
Suppose -m + 12 - 13 = 0. Is (758/2)/(2 + m) composite?
False
Let i be (-18 - -3)*(-2)/6. Suppose -w = -i*h + 1203 + 479, 2*h - 677 = -w. Is h prime?
True
Suppose -37*b + 58203 = -28*b. Is b a composite number?
True
Let n be (-15)/5 - (-1 + -1). Is -2 + -3459*n/3 prime?
True
Let v(x) = -52*x - 9. Let u(a) = -a**2 + 20*a - 5. Let z be u(20). Is v(z) prime?
True
Is 6/(-8) + (-47410)/(-88) - -3 a prime number?
True
Suppose -3*t - m + 3193 = 0, 3*t + 4*m - 2656 - 522 = 0. Let n be (-15 + t)*(0 - -1). Suppose 4*s - 840 = -4*f, 5*f + 4*s = -0*s + n. Is f a prime number?
True
Let w(s) = 6*s**2 - s. Let r be w(-1). Let c = -2 + r. Is c/((-5)/3 + 2) a composite number?
True
Is 64574/18 + ((-35)/(-63) - 1) prime?
False
Let l be 2/2 - 1 - -3. Let j be l/(-9) - 634/6. Let o = 447 + j. Is o a prime number?
False
Suppose -2*p + 3*x + 32 + 15 = 0, -2*p + 5*x + 57 = 0. Suppose 4*w - 228 = -5*d + 1076, -4*d - p = 0. Is w composite?
False
Let i = 5770 + -2337. Is i prime?
True
Let p(j) be the second derivative of 32*j**3/3 - 13*j**2/2 - 4*j. Is p(8) a composite number?
False
Is (-620150)/(-30) + 10 + 2/(-3) a composite number?
False
Suppose 2*c = 3*k + 24095, -2*c + 4*k + 24097 = 3*k. Is c prime?
True
Suppose -2*f = -36 + 32. Is (-74468)/(-60) + f/(-15) prime?
False
Suppose 2*t - 2*q = -12831 + 71243, -4*t + 2*q + 116814 = 0. Is t a prime number?
True
Is (2 - (-12)/(-7)) + (-68900)/(-28) prime?
False
Let s(r) = -161*r + 9. Is s(-2) a composite number?
False
Let l = 27 - 22. Suppose -4*b + l*n = -10363, -7764 = -3*b - 3*n + 4*n. Is b prime?
False
Let n(b) be the second derivative of 15*b**3 - b**2/2 - 2*b. Let o be n(1). Is 3*o/3*1 a prime number?
True
Suppose -1353 = -16*t + 103. Is t a prime number?
False
Suppose y + 44 = 4*m - 14, 5*m + 5*y - 60 = 0. Suppose m*u - 602 = 12*u. Is u prime?
False
Let s = -123 - -247. Let z = s + 255. Is z prime?
True
Let r(p) = -p**3 - p**2 - 3. Let x be r(-4). Is ((-742)/8)/(x/12 + -4) prime?
False
Let l = 16931 - 2232. Is l prime?
True
Let l be (-15)/5 + 8 + -2. Suppose 4*h - 3*p - 28 = 0, h - l*p = -4*p. Suppose 646 = h*d + 90. Is d a prime numbe